{"id":67,"date":"2022-02-20T10:14:09","date_gmt":"2022-02-20T10:14:09","guid":{"rendered":"http:\/\/atemtherapie.wargalla.de\/?page_id=67"},"modified":"2022-06-26T12:49:43","modified_gmt":"2022-06-26T12:49:43","slug":"einzeltherapie","status":"publish","type":"page","link":"https:\/\/atemtherapie.wargalla.de\/?page_id=67","title":{"rendered":"Einzeltherapie"},"content":{"rendered":"\t\t<div data-elementor-type=\"wp-page\" data-elementor-id=\"67\" class=\"elementor elementor-67\">\n\t\t\t\t\t\t<section class=\"elementor-section elementor-top-section elementor-element elementor-element-f302541 elementor-section-boxed elementor-section-height-default elementor-section-height-default wpr-particle-no wpr-jarallax-no wpr-parallax-no wpr-sticky-section-no wpr-equal-height-no\" data-id=\"f302541\" data-element_type=\"section\" data-e-type=\"section\">\n\t\t\t\t\t\t<div class=\"elementor-container elementor-column-gap-default\">\n\t\t\t\t\t<div class=\"elementor-column elementor-col-100 elementor-top-column elementor-element elementor-element-37d941a\" data-id=\"37d941a\" data-element_type=\"column\" data-e-type=\"column\">\n\t\t\t<div class=\"elementor-widget-wrap elementor-element-populated\">\n\t\t\t\t\t\t<div class=\"elementor-element elementor-element-37f718b elementor-widget elementor-widget-text-editor\" data-id=\"37f718b\" data-element_type=\"widget\" data-e-type=\"widget\" data-widget_type=\"text-editor.default\">\n\t\t\t\t<div class=\"elementor-widget-container\">\n\t\t\t\t\t\t\t\t\t<p class=\"MsoNormal\" style=\"margin: 0cm 0cm 0.0001pt; font-size: 12pt; font-family: Cambria; color: rgb(0, 0, 0);\"><span style=\"background-image: initial; background-position: initial; background-size: initial; background-repeat: initial; background-attachment: initial; background-origin: initial; background-clip: initial;\">Als Heilpraktikerin mit dem Schwerpunkt der Atemtherapie biete ich Einzelbehandlungen f\u00fcr Menschen an, die eine Anleitung f\u00fcr eine Verbesserung ihrer Atmung w\u00fcnschen.<\/span><o:p><\/o:p><\/p>\t\t\t\t\t\t\t\t<\/div>\n\t\t\t\t<\/div>\n\t\t\t\t\t<\/div>\n\t\t<\/div>\n\t\t\t\t\t<\/div>\n\t\t<\/section>\n\t\t\t\t<\/div>\n\t\t","protected":false},"excerpt":{"rendered":"<p>Als Heilpraktikerin mit dem Schwerpunkt der Atemtherapie biete ich Einzelbehandlungen f\u00fcr Menschen an, die eine Anleitung f\u00fcr eine Verbesserung ihrer Atmung w\u00fcnschen.<\/p>\n","protected":false},"author":1,"featured_media":0,"parent":0,"menu_order":0,"comment_status":"closed","ping_status":"closed","template":"","meta":{"footnotes":""},"class_list":["post-67","page","type-page","status-publish","hentry"],"_links":{"self":[{"href":"https:\/\/atemtherapie.wargalla.de\/index.php?rest_route=\/wp\/v2\/pages\/67","targetHints":{"allow":["GET"]}}],"collection":[{"href":"https:\/\/atemtherapie.wargalla.de\/index.php?rest_route=\/wp\/v2\/pages"}],"about":[{"href":"https:\/\/atemtherapie.wargalla.de\/index.php?rest_route=\/wp\/v2\/types\/page"}],"author":[{"embeddable":true,"href":"https:\/\/atemtherapie.wargalla.de\/index.php?rest_route=\/wp\/v2\/users\/1"}],"replies":[{"embeddable":true,"href":"https:\/\/atemtherapie.wargalla.de\/index.php?rest_route=%2Fwp%2Fv2%2Fcomments&post=67"}],"version-history":[{"count":7,"href":"https:\/\/atemtherapie.wargalla.de\/index.php?rest_route=\/wp\/v2\/pages\/67\/revisions"}],"predecessor-version":[{"id":692,"href":"https:\/\/atemtherapie.wargalla.de\/index.php?rest_route=\/wp\/v2\/pages\/67\/revisions\/692"}],"wp:attachment":[{"href":"https:\/\/atemtherapie.wargalla.de\/index.php?rest_route=%2Fwp%2Fv2%2Fmedia&parent=67"}],"curies":[{"name":"wp","href":"https:\/\/api.w.org\/{rel}","templated":true}]}}

<div data-elementor-type="wp-page" data-elementor-id="67" class="elementor elementor-67">
						<section class="elementor-section elementor-top-section elementor-element elementor-element-f302541 elementor-section-boxed elementor-section-height-default elementor-section-height-default wpr-particle-no wpr-jarallax-no wpr-parallax-no wpr-sticky-section-no wpr-equal-height-no" data-id="f302541" data-element_type="section" data-e-type="section">
						<div class="elementor-container elementor-column-gap-default">
					<div class="elementor-column elementor-col-100 elementor-top-column elementor-element elementor-element-37d941a" data-id="37d941a" data-element_type="column" data-e-type="column">
			<div class="elementor-widget-wrap elementor-element-populated">
						<div class="elementor-element elementor-element-37f718b elementor-widget elementor-widget-text-editor" data-id="37f718b" data-element_type="widget" data-e-type="widget" data-widget_type="text-editor.default">
				<div class="elementor-widget-container">
									<p class="MsoNormal" style="margin: 0cm 0cm 0.0001pt; font-size: 12pt; font-family: Cambria; color: rgb(0, 0, 0);"><span style="background-image: initial; background-position: initial; background-size: initial; background-repeat: initial; background-attachment: initial; background-origin: initial; background-clip: initial;">Als Heilpraktikerin mit dem Schwerpunkt der Atemtherapie biete ich Einzelbehandlungen für Menschen an, die eine Anleitung für eine Verbesserung ihrer Atmung wünschen.</span><o:p></o:p></p>								</div>
				</div>
					</div>
		</div>
					</div>
		</section>
				</div>

<p>Als Heilpraktikerin mit dem Schwerpunkt der Atemtherapie biete ich Einzelbehandlungen für Menschen an, die eine Anleitung für eine Verbesserung ihrer Atmung wünschen.</p>
