{"id":65,"date":"2022-02-20T10:13:41","date_gmt":"2022-02-20T10:13:41","guid":{"rendered":"http:\/\/atemtherapie.wargalla.de\/?page_id=65"},"modified":"2025-12-13T21:19:52","modified_gmt":"2025-12-13T21:19:52","slug":"kurse-und-termine","status":"publish","type":"page","link":"https:\/\/atemtherapie.wargalla.de\/?page_id=65","title":{"rendered":"Kurse und Termine"},"content":{"rendered":"\t\t<div data-elementor-type=\"wp-page\" data-elementor-id=\"65\" class=\"elementor elementor-65\">\n\t\t\t\t\t\t<section class=\"elementor-section elementor-top-section elementor-element elementor-element-25af1227 elementor-section-boxed elementor-section-height-default elementor-section-height-default wpr-particle-no wpr-jarallax-no wpr-parallax-no wpr-sticky-section-no wpr-equal-height-no\" data-id=\"25af1227\" data-element_type=\"section\" data-e-type=\"section\">\n\t\t\t\t\t\t<div class=\"elementor-container elementor-column-gap-default\">\n\t\t\t\t\t<div class=\"elementor-column elementor-col-100 elementor-top-column elementor-element elementor-element-59902c27\" data-id=\"59902c27\" data-element_type=\"column\" data-e-type=\"column\">\n\t\t\t<div class=\"elementor-widget-wrap elementor-element-populated\">\n\t\t\t\t\t\t<div class=\"elementor-element elementor-element-eaa04a6 elementor-widget elementor-widget-heading\" data-id=\"eaa04a6\" data-element_type=\"widget\" data-e-type=\"widget\" data-widget_type=\"heading.default\">\n\t\t\t\t<div class=\"elementor-widget-container\">\n\t\t\t\t\t<h2 class=\"elementor-heading-title elementor-size-large\">Atemtherapiekurse<\/h2>\t\t\t\t<\/div>\n\t\t\t\t<\/div>\n\t\t\t\t<div class=\"elementor-element elementor-element-609d7586 elementor-widget elementor-widget-text-editor\" data-id=\"609d7586\" data-element_type=\"widget\" data-e-type=\"widget\" data-widget_type=\"text-editor.default\">\n\t\t\t\t<div class=\"elementor-widget-container\">\n\t\t\t\t\t\t\t\t\t<p style=\"margin-right: 0cm; margin-left: 0cm; font-size: 10pt; font-family: 'Times New Roman'; color: #000000; margin-top: 0cm; background-image: initial; background-position: initial; background-size: initial; background-repeat: initial; background-attachment: initial; background-origin: initial; background-clip: initial;\"><span style=\"font-family: Cambria; font-size: 16px; font-weight: var( --e-global-typography-text-font-weight );\">Im Januar 2026 werde ich wieder im Krankenhaus Bethanien, in der Klinik f\u00fcr Lungen- &amp; Bronchialheilkunde, in Moers mehrere Atemtherapiekurse durchf\u00fchren.\u00a0<\/span><\/p>\n<p style=\"margin-top: 0cm; margin-right: 0cm; margin-left: 0cm; font-size: 10pt; font-family: 'Times New Roman'; color: #000000; background-image: initial; background-position: initial; background-size: initial; background-repeat: initial; background-attachment: initial; background-origin: initial; background-clip: initial;\"><span style=\"font-family: Cambria; font-size: 12pt; font-weight: var( --e-global-typography-text-font-weight );\">Sie finden jeweils mittwochs und donnerstags, 8 Mal w\u00f6chentlich f\u00fcr 90 Minuten statt.<\/span><\/p>\n<p style=\"margin-top: 0cm; margin-right: 0cm; margin-left: 0cm; font-size: 10pt; font-family: 'Times New Roman'; color: #000000; background-image: initial; background-position: initial; background-size: initial; background-repeat: initial; background-attachment: initial; background-origin: initial; background-clip: initial;\"><span style=\"font-family: Cambria; font-size: 12pt; font-weight: var( --e-global-typography-text-font-weight );\">Der Anf\u00e4ngerkurs beginnt am Mittwoch, den 21. Januar 2026 um 16:00 bis 17:30 Uhr.<\/span><\/p>\n<p><span style=\"color: black; font-family: Cambria; font-size: 12pt; font-weight: var( --e-global-typography-text-font-weight );\">Bitte bei mir anmelden:\u00a0<\/span><a style=\"font-family: var( --e-global-typography-text-font-family ), Sans-serif; font-weight: var( --e-global-typography-text-font-weight ); background-color: #ffffff;\" href=\"https:\/\/atemtherapie.wargalla.de\/?page_id=90\" target=\"_blank\" rel=\"noopener\" data-wplink-edit=\"true\">Kontakt<\/a>\u00a0<\/p>\n<p>atemtherapie@wargalla.de<\/p>\n<p>\u00a0<\/p>\n<p><!-- \/wp:paragraph --><!-- wp:paragraph --><\/p>\n<p><!-- \/wp:paragraph --><!-- wp:paragraph --><\/p>\n<p><!-- \/wp:paragraph --><!-- wp:paragraph --><\/p>\n<p><!-- \/wp:paragraph --><!-- wp:paragraph --><\/p>\n<p><!-- \/wp:paragraph --><\/p>\t\t\t\t\t\t\t\t<\/div>\n\t\t\t\t<\/div>\n\t\t\t\t\t<\/div>\n\t\t<\/div>\n\t\t\t\t\t<\/div>\n\t\t<\/section>\n\t\t\t\t<section class=\"elementor-section elementor-top-section elementor-element elementor-element-791c2d8 elementor-section-boxed elementor-section-height-default elementor-section-height-default wpr-particle-no wpr-jarallax-no wpr-parallax-no wpr-sticky-section-no wpr-equal-height-no\" data-id=\"791c2d8\" data-element_type=\"section\" data-e-type=\"section\">\n\t\t\t\t\t\t<div class=\"elementor-container elementor-column-gap-default\">\n\t\t\t\t\t<div class=\"elementor-column elementor-col-50 elementor-top-column elementor-element elementor-element-e6d8a89\" data-id=\"e6d8a89\" data-element_type=\"column\" data-e-type=\"column\">\n\t\t\t<div class=\"elementor-widget-wrap elementor-element-populated\">\n\t\t\t\t\t\t<div class=\"elementor-element elementor-element-014ad97 elementor-widget elementor-widget-image\" data-id=\"014ad97\" data-element_type=\"widget\" data-e-type=\"widget\" data-widget_type=\"image.default\">\n\t\t\t\t<div class=\"elementor-widget-container\">\n\t\t\t\t\t\t\t\t\t\t\t\t\t\t\t<img decoding=\"async\" width=\"142\" height=\"300\" src=\"https:\/\/atemtherapie.wargalla.de\/wp-content\/uploads\/2022\/03\/12.-Sitzen-Ha\u0308nde-auf-Zwerchfell-abtasten-142x300.jpg\" class=\"attachment-medium size-medium wp-image-487\" alt=\"\" srcset=\"https:\/\/atemtherapie.wargalla.de\/wp-content\/uploads\/2022\/03\/12.-Sitzen-Ha\u0308nde-auf-Zwerchfell-abtasten-142x300.jpg 142w, https:\/\/atemtherapie.wargalla.de\/wp-content\/uploads\/2022\/03\/12.-Sitzen-Ha\u0308nde-auf-Zwerchfell-abtasten-485x1024.jpg 485w, https:\/\/atemtherapie.wargalla.de\/wp-content\/uploads\/2022\/03\/12.-Sitzen-Ha\u0308nde-auf-Zwerchfell-abtasten-768x1623.jpg 768w, https:\/\/atemtherapie.wargalla.de\/wp-content\/uploads\/2022\/03\/12.-Sitzen-Ha\u0308nde-auf-Zwerchfell-abtasten-727x1536.jpg 727w, https:\/\/atemtherapie.wargalla.de\/wp-content\/uploads\/2022\/03\/12.-Sitzen-Ha\u0308nde-auf-Zwerchfell-abtasten-969x2048.jpg 969w, https:\/\/atemtherapie.wargalla.de\/wp-content\/uploads\/2022\/03\/12.-Sitzen-Ha\u0308nde-auf-Zwerchfell-abtasten-scaled.jpg 1211w\" sizes=\"(max-width: 142px) 100vw, 142px\" \/>\t\t\t\t\t\t\t\t\t\t\t\t\t\t\t<\/div>\n\t\t\t\t<\/div>\n\t\t\t\t\t<\/div>\n\t\t<\/div>\n\t\t\t\t<div class=\"elementor-column elementor-col-50 elementor-top-column elementor-element elementor-element-b0f16da\" data-id=\"b0f16da\" data-element_type=\"column\" data-e-type=\"column\">\n\t\t\t<div class=\"elementor-widget-wrap elementor-element-populated\">\n\t\t\t\t\t\t<div class=\"elementor-element elementor-element-4dec1f2 elementor-widget elementor-widget-image\" data-id=\"4dec1f2\" data-element_type=\"widget\" data-e-type=\"widget\" data-widget_type=\"image.default\">\n\t\t\t\t<div class=\"elementor-widget-container\">\n\t\t\t\t\t\t\t\t\t\t\t\t\t\t\t<img decoding=\"async\" width=\"161\" height=\"300\" src=\"https:\/\/atemtherapie.wargalla.de\/wp-content\/uploads\/2022\/02\/atemerl.-2-161x300.jpg\" class=\"attachment-medium size-medium wp-image-308\" alt=\"\" srcset=\"https:\/\/atemtherapie.wargalla.de\/wp-content\/uploads\/2022\/02\/atemerl.-2-161x300.jpg 161w, https:\/\/atemtherapie.wargalla.de\/wp-content\/uploads\/2022\/02\/atemerl.-2-549x1024.jpg 549w, https:\/\/atemtherapie.wargalla.de\/wp-content\/uploads\/2022\/02\/atemerl.-2-768x1432.jpg 768w, https:\/\/atemtherapie.wargalla.de\/wp-content\/uploads\/2022\/02\/atemerl.-2-824x1536.jpg 824w, https:\/\/atemtherapie.wargalla.de\/wp-content\/uploads\/2022\/02\/atemerl.-2-1098x2048.jpg 1098w, https:\/\/atemtherapie.wargalla.de\/wp-content\/uploads\/2022\/02\/atemerl.-2-scaled.jpg 1373w\" sizes=\"(max-width: 161px) 100vw, 161px\" \/>\t\t\t\t\t\t\t\t\t\t\t\t\t\t\t<\/div>\n\t\t\t\t<\/div>\n\t\t\t\t\t<\/div>\n\t\t<\/div>\n\t\t\t\t\t<\/div>\n\t\t<\/section>\n\t\t\t\t<section class=\"elementor-section elementor-top-section elementor-element elementor-element-e71d5f1 elementor-section-boxed elementor-section-height-default elementor-section-height-default wpr-particle-no wpr-jarallax-no wpr-parallax-no wpr-sticky-section-no wpr-equal-height-no\" data-id=\"e71d5f1\" data-element_type=\"section\" data-e-type=\"section\">\n\t\t\t\t\t\t<div class=\"elementor-container elementor-column-gap-default\">\n\t\t\t\t\t<div class=\"elementor-column elementor-col-100 elementor-top-column elementor-element elementor-element-d14a443\" data-id=\"d14a443\" data-element_type=\"column\" data-e-type=\"column\">\n\t\t\t<div class=\"elementor-widget-wrap elementor-element-populated\">\n\t\t\t\t\t\t<div class=\"elementor-element elementor-element-a475422 elementor-widget elementor-widget-heading\" data-id=\"a475422\" data-element_type=\"widget\" data-e-type=\"widget\" data-widget_type=\"heading.default\">\n\t\t\t\t<div class=\"elementor-widget-container\">\n\t\t\t\t\t<h2 class=\"elementor-heading-title elementor-size-medium\"><br>Walkingkurse mit Atem\u00fcbungen und Meditation<\/h2>\t\t\t\t<\/div>\n\t\t\t\t<\/div>\n\t\t\t\t<div class=\"elementor-element elementor-element-065b9a7 elementor-widget elementor-widget-text-editor\" data-id=\"065b9a7\" data-element_type=\"widget\" data-e-type=\"widget\" data-widget_type=\"text-editor.default\">\n\t\t\t\t<div class=\"elementor-widget-container\">\n\t\t\t\t\t\t\t\t\t<p style=\"margin-right: 0cm; margin-left: 0cm; font-size: 10pt; font-family: 'Times New Roman'; color: #000000; margin-top: 0cm; background-image: initial; background-position: initial; background-size: initial; background-repeat: initial; background-attachment: initial; background-origin: initial; background-clip: initial;\"><span style=\"font-family: Cambria; font-size: 12pt; font-weight: var( --e-global-typography-text-font-weight );\">In den Sommermonaten von Mai bis Oktober f\u00fchre ich w\u00f6chentlich mittwochs mehrere Walkingkurse\u00a0drau\u00dfen an frischer Luft\u00a0durch.<\/span><\/p>\n<p style=\"margin-top: 0cm; margin-right: 0cm; margin-left: 0cm; font-size: 10pt; font-family: 'Times New Roman'; color: #000000; background-image: initial; background-position: initial; background-size: initial; background-repeat: initial; background-attachment: initial; background-origin: initial; background-clip: initial;\"><span style=\"font-size: 12pt; font-family: Cambria;\">Ort: im Klingerhuf in Neukirchen-Vluyn am ViVA Event- &amp; Freizeitpark\u00a0<br \/>Die Kurse sind auch f\u00fcr Menschen mit einer Lungenerkrankung sehr geeignet.\u00a0<\/span><span style=\"font-family: Cambria; font-size: 12pt; font-weight: var( --e-global-typography-text-font-weight );\">Es gibt drei Gruppen mit unterschiedlichen Anforderungen.<\/span><\/p>\n<p>\u00a0<\/p>\n<p><span style=\"font-family: Cambria; font-size: 12pt; color: #000000; font-weight: var( --e-global-typography-text-font-weight );\">Bitte genaue Zeiten bei mir erfragen:<\/span><span style=\"color: var( --e-global-color-text ); font-family: var( --e-global-typography-text-font-family ), Sans-serif; font-weight: var( --e-global-typography-text-font-weight );\">\u00a0<\/span><a style=\"font-family: var( --e-global-typography-text-font-family ), Sans-serif; font-weight: var( --e-global-typography-text-font-weight ); background-color: #ffffff;\" href=\"https:\/\/atemtherapie.wargalla.de\/?page_id=90\" target=\"_blank\" rel=\"noopener\">Kontakt<\/a><\/p>\t\t\t\t\t\t\t\t<\/div>\n\t\t\t\t<\/div>\n\t\t\t\t<div class=\"elementor-element elementor-element-a3c950f elementor-widget elementor-widget-image\" data-id=\"a3c950f\" data-element_type=\"widget\" data-e-type=\"widget\" data-widget_type=\"image.default\">\n\t\t\t\t<div class=\"elementor-widget-container\">\n\t\t\t\t\t\t\t\t\t\t\t\t\t\t\t<img fetchpriority=\"high\" decoding=\"async\" width=\"640\" height=\"480\" src=\"https:\/\/atemtherapie.wargalla.de\/wp-content\/uploads\/2022\/02\/7d2abdcc6799a83f-photo-1024x768.jpg\" class=\"attachment-large size-large wp-image-294\" alt=\"\" srcset=\"https:\/\/atemtherapie.wargalla.de\/wp-content\/uploads\/2022\/02\/7d2abdcc6799a83f-photo-1024x768.jpg 1024w, https:\/\/atemtherapie.wargalla.de\/wp-content\/uploads\/2022\/02\/7d2abdcc6799a83f-photo-300x225.jpg 300w, https:\/\/atemtherapie.wargalla.de\/wp-content\/uploads\/2022\/02\/7d2abdcc6799a83f-photo-768x576.jpg 768w, https:\/\/atemtherapie.wargalla.de\/wp-content\/uploads\/2022\/02\/7d2abdcc6799a83f-photo-1536x1152.jpg 1536w, https:\/\/atemtherapie.wargalla.de\/wp-content\/uploads\/2022\/02\/7d2abdcc6799a83f-photo-2048x1536.jpg 2048w\" sizes=\"(max-width: 640px) 100vw, 640px\" \/>\t\t\t\t\t\t\t\t\t\t\t\t\t\t\t<\/div>\n\t\t\t\t<\/div>\n\t\t\t\t\t<\/div>\n\t\t<\/div>\n\t\t\t\t\t<\/div>\n\t\t<\/section>\n\t\t\t\t<\/div>\n\t\t","protected":false},"excerpt":{"rendered":"<p>Atemtherapiekurse Im Januar 2026 werde ich wieder im Krankenhaus Bethanien, in der Klinik f\u00fcr Lungen- &amp; Bronchialheilkunde, in Moers mehrere Atemtherapiekurse durchf\u00fchren.\u00a0 Sie finden jeweils mittwochs und donnerstags, 8 Mal w\u00f6chentlich f\u00fcr 90 Minuten statt. Der Anf\u00e4ngerkurs beginnt am Mittwoch, den 21. Januar 2026 um 16:00 bis 17:30 Uhr. Bitte bei mir anmelden:\u00a0Kontakt\u00a0 atemtherapie@wargalla.de \u00a0 Walkingkurse mit Atem\u00fcbungen und Meditation In den Sommermonaten von Mai bis Oktober f\u00fchre ich w\u00f6chentlich mittwochs mehrere Walkingkurse\u00a0drau\u00dfen an frischer Luft\u00a0durch. Ort: im Klingerhuf in Neukirchen-Vluyn am ViVA Event- &amp; Freizeitpark\u00a0Die Kurse sind auch f\u00fcr Menschen mit einer Lungenerkrankung sehr geeignet.\u00a0Es gibt drei Gruppen mit unterschiedlichen Anforderungen. \u00a0 Bitte genaue Zeiten bei mir erfragen:\u00a0Kontakt<\/p>\n","protected":false},"author":1,"featured_media":0,"parent":0,"menu_order":0,"comment_status":"closed","ping_status":"closed","template":"","meta":{"footnotes":""},"class_list":["post-65","page","type-page","status-publish","hentry"],"_links":{"self":[{"href":"https:\/\/atemtherapie.wargalla.de\/index.php?rest_route=\/wp\/v2\/pages\/65","targetHints":{"allow":["GET"]}}],"collection":[{"href":"https:\/\/atemtherapie.wargalla.de\/index.php?rest_route=\/wp\/v2\/pages"}],"about":[{"href":"https:\/\/atemtherapie.wargalla.de\/index.php?rest_route=\/wp\/v2\/types\/page"}],"author":[{"embeddable":true,"href":"https:\/\/atemtherapie.wargalla.de\/index.php?rest_route=\/wp\/v2\/users\/1"}],"replies":[{"embeddable":true,"href":"https:\/\/atemtherapie.wargalla.de\/index.php?rest_route=%2Fwp%2Fv2%2Fcomments&post=65"}],"version-history":[{"count":91,"href":"https:\/\/atemtherapie.wargalla.de\/index.php?rest_route=\/wp\/v2\/pages\/65\/revisions"}],"predecessor-version":[{"id":1508,"href":"https:\/\/atemtherapie.wargalla.de\/index.php?rest_route=\/wp\/v2\/pages\/65\/revisions\/1508"}],"wp:attachment":[{"href":"https:\/\/atemtherapie.wargalla.de\/index.php?rest_route=%2Fwp%2Fv2%2Fmedia&parent=65"}],"curies":[{"name":"wp","href":"https:\/\/api.w.org\/{rel}","templated":true}]}}