{"id":63,"date":"2022-02-20T10:12:36","date_gmt":"2022-02-20T10:12:36","guid":{"rendered":"http:\/\/atemtherapie.wargalla.de\/?page_id=63"},"modified":"2022-07-02T12:54:05","modified_gmt":"2022-07-02T12:54:05","slug":"grundlagen","status":"publish","type":"page","link":"https:\/\/atemtherapie.wargalla.de\/?page_id=63","title":{"rendered":"Grundlagen der Atemtherapie"},"content":{"rendered":"\t\t<div data-elementor-type=\"wp-page\" data-elementor-id=\"63\" class=\"elementor elementor-63\">\n\t\t\t\t\t\t<section class=\"elementor-section elementor-top-section elementor-element elementor-element-2ccf7257 elementor-section-boxed elementor-section-height-default elementor-section-height-default wpr-particle-no wpr-jarallax-no wpr-parallax-no wpr-sticky-section-no wpr-equal-height-no\" data-id=\"2ccf7257\" data-element_type=\"section\" data-e-type=\"section\">\n\t\t\t\t\t\t<div class=\"elementor-container elementor-column-gap-default\">\n\t\t\t\t\t<div class=\"elementor-column elementor-col-100 elementor-top-column elementor-element elementor-element-422e186e\" data-id=\"422e186e\" data-element_type=\"column\" data-e-type=\"column\">\n\t\t\t<div class=\"elementor-widget-wrap elementor-element-populated\">\n\t\t\t\t\t\t<div class=\"elementor-element elementor-element-78bad1f8 elementor-widget elementor-widget-text-editor\" data-id=\"78bad1f8\" data-element_type=\"widget\" data-e-type=\"widget\" data-widget_type=\"text-editor.default\">\n\t\t\t\t<div class=\"elementor-widget-container\">\n\t\t\t\t\t\t\t\t\t<p><\/p>\n<p style=\"margin-right: 0cm; margin-left: 0cm; font-size: 10pt; font-family: 'Times New Roman'; color: #000000; margin-top: 0cm; background-image: initial; background-position: initial; background-size: initial; background-repeat: initial; background-attachment: initial; background-origin: initial; background-clip: initial;\"><span style=\"font-size: 12pt; font-family: Cambria;\">Der Atem tr\u00e4gt uns ein Leben lang. Er ist selbstverst\u00e4ndlicher Begleiter &#8211; Schritt f\u00fcr Schritt &#8211; Atemzug f\u00fcr Atemzug.<br \/><\/span><\/p>\n<p style=\"margin-top: 0cm; margin-right: 0cm; margin-left: 0cm; font-size: 10pt; font-family: 'Times New Roman'; color: #000000; background-image: initial; background-position: initial; background-size: initial; background-repeat: initial; background-attachment: initial; background-origin: initial; background-clip: initial;\"><span style=\"font-size: 12pt; font-family: Cambria;\">Die Grundlage meiner T\u00e4tigkeit als Atemtherapeutin ist die &#8222;funktionelle Atmungstherapie&#8220; nach Dr. med. Julius Parow. Aufgrund langj\u00e4hriger Erfahrungen als Lungenfacharzt war es Dr. Parow ein Anliegen, die Aufkl\u00e4rung zur Entwicklung einer gesunden, leistungsf\u00e4higen Atmung zu f\u00f6rdern und hierf\u00fcr \u00dcbungen zu entwickeln. Auf dieser Basis f\u00fchrte Margot Scheufele-Osenberg in ihrem Institut &#8222;Schule f\u00fcr Atemtraining und Sprechtechnik&#8220; zahlreiche Fort- und Weiterbildungen durch. An ihrem Institut lernte und assistierte ich \u00fcber viele Jahre.<br \/><\/span><\/p>\n<p style=\"margin-top: 0cm; margin-right: 0cm; margin-left: 0cm; font-size: 10pt; font-family: 'Times New Roman'; color: #000000; background-image: initial; background-position: initial; background-size: initial; background-repeat: initial; background-attachment: initial; background-origin: initial; background-clip: initial;\"><span style=\"font-size: 12pt; font-family: Cambria;\">Um ein tieferes Verst\u00e4ndnis f\u00fcr den Atemprozess zu entwickeln, wird in der funktionellen Atmungstherapie ein Schwerpunkt auf die Aufkl\u00e4rung der Atmung gelegt, beispielsweise: Wie atme ich richtig? Wie kann ich meine Atemkapazit\u00e4t verbessern? Welche Atemtechniken kann ich bei Atemnot einsetzen? Anhand zahlreicher Schaubilder wird \u00fcber die Funktionen der Atmung aufgekl\u00e4rt.<br \/><\/span><\/p>\n<p style=\"margin-top: 0cm; margin-right: 0cm; margin-left: 0cm; font-size: 10pt; font-family: 'Times New Roman'; color: #000000; background-image: initial; background-position: initial; background-size: initial; background-repeat: initial; background-attachment: initial; background-origin: initial; background-clip: initial;\"><span style=\"font-size: 12pt; font-family: Cambria;\">Besonders f\u00fcr Menschen mit immer wiederkehrender Atemnot aufgrund einer Lungenerkrankung habe ich ein umfangreiches Trainingsprogramm entwickelt. Seit \u00fcber 20 Jahren gebe ich an der Lungenfachklinik Bethanien in Moers Atemtherapiekurse.<\/span><\/p>\n<p style=\"margin-top: 0cm; margin-right: 0cm; margin-left: 0cm; font-size: 10pt; font-family: 'Times New Roman'; color: #000000; background-image: initial; background-position: initial; background-size: initial; background-repeat: initial; background-attachment: initial; background-origin: initial; background-clip: initial;\"><span style=\"font-size: 12pt; font-family: Cambria;\">Zugleich steht der Atemprozess in enger Wechselbeziehung zu unserem seelischen Empfinden. In einem achtsamen Wahrnehmen des Atems und seinem Verstehen lernen wir uns in unserem K\u00f6rper kennen. Wir entwickeln ein tieferes K\u00f6rperbewusstsein und sind so in der Lage schneller einzusch\u00e4tzen, was in uns und in unserem K\u00f6rper geschieht. Nehmen wir nur einen Moment unseren Atem wahr, den Atemrhythmus, die Atemtiefe, sind wir sofort bei uns selbst. So k\u00f6nnen wir auch unsere Gef\u00fchle und unsere Gedanken wahrnehmen und bewusst wieder ein Gleichgewicht herstellen und Harmonie und Frieden einkehren lassen. Das bringt Gesundheit im K\u00f6rper, im Geist und in der Seele.<\/span><\/p>\n<p><\/p>\n<p><\/p>\n<p><\/p>\n<p><\/p>\n<p><\/p>\n<p><\/p>\n<p><\/p>\t\t\t\t\t\t\t\t<\/div>\n\t\t\t\t<\/div>\n\t\t\t\t\t<\/div>\n\t\t<\/div>\n\t\t\t\t\t<\/div>\n\t\t<\/section>\n\t\t\t\t<\/div>\n\t\t","protected":false},"excerpt":{"rendered":"<p>Der Atem tr\u00e4gt uns ein Leben lang. Er ist selbstverst\u00e4ndlicher Begleiter &#8211; Schritt f\u00fcr Schritt &#8211; Atemzug f\u00fcr Atemzug. Die Grundlage meiner T\u00e4tigkeit als Atemtherapeutin ist die &#8222;funktionelle Atmungstherapie&#8220; nach Dr. med. Julius Parow. Aufgrund langj\u00e4hriger Erfahrungen als Lungenfacharzt war es Dr. Parow ein Anliegen, die Aufkl\u00e4rung zur Entwicklung einer gesunden, leistungsf\u00e4higen Atmung zu f\u00f6rdern und hierf\u00fcr \u00dcbungen zu entwickeln. Auf dieser Basis f\u00fchrte Margot Scheufele-Osenberg in ihrem Institut &#8222;Schule f\u00fcr Atemtraining und Sprechtechnik&#8220; zahlreiche Fort- und Weiterbildungen durch. An ihrem Institut lernte und assistierte ich \u00fcber viele Jahre. Um ein tieferes Verst\u00e4ndnis f\u00fcr den Atemprozess zu entwickeln, wird in der funktionellen Atmungstherapie ein Schwerpunkt auf die Aufkl\u00e4rung der Atmung gelegt, beispielsweise: Wie atme ich richtig? Wie kann ich meine Atemkapazit\u00e4t verbessern? Welche Atemtechniken kann ich bei Atemnot einsetzen? Anhand zahlreicher Schaubilder wird \u00fcber die Funktionen der Atmung aufgekl\u00e4rt. Besonders f\u00fcr Menschen mit immer wiederkehrender Atemnot aufgrund einer Lungenerkrankung habe ich ein umfangreiches Trainingsprogramm entwickelt. Seit \u00fcber 20 Jahren gebe ich an der Lungenfachklinik Bethanien in Moers Atemtherapiekurse. Zugleich steht der Atemprozess in enger Wechselbeziehung zu unserem seelischen Empfinden. In einem achtsamen Wahrnehmen des Atems und seinem Verstehen lernen wir uns in unserem K\u00f6rper kennen. Wir entwickeln ein tieferes K\u00f6rperbewusstsein und sind so in der Lage schneller einzusch\u00e4tzen, was in uns und in unserem K\u00f6rper geschieht. Nehmen wir nur einen Moment unseren Atem wahr, den Atemrhythmus, die Atemtiefe, sind wir sofort bei uns selbst. So k\u00f6nnen wir auch unsere Gef\u00fchle und unsere Gedanken wahrnehmen und bewusst wieder ein Gleichgewicht herstellen und Harmonie und Frieden einkehren lassen. Das bringt Gesundheit im K\u00f6rper, im Geist und in der Seele.<\/p>\n","protected":false},"author":1,"featured_media":0,"parent":0,"menu_order":0,"comment_status":"closed","ping_status":"closed","template":"","meta":{"footnotes":""},"class_list":["post-63","page","type-page","status-publish","hentry"],"_links":{"self":[{"href":"https:\/\/atemtherapie.wargalla.de\/index.php?rest_route=\/wp\/v2\/pages\/63","targetHints":{"allow":["GET"]}}],"collection":[{"href":"https:\/\/atemtherapie.wargalla.de\/index.php?rest_route=\/wp\/v2\/pages"}],"about":[{"href":"https:\/\/atemtherapie.wargalla.de\/index.php?rest_route=\/wp\/v2\/types\/page"}],"author":[{"embeddable":true,"href":"https:\/\/atemtherapie.wargalla.de\/index.php?rest_route=\/wp\/v2\/users\/1"}],"replies":[{"embeddable":true,"href":"https:\/\/atemtherapie.wargalla.de\/index.php?rest_route=%2Fwp%2Fv2%2Fcomments&post=63"}],"version-history":[{"count":29,"href":"https:\/\/atemtherapie.wargalla.de\/index.php?rest_route=\/wp\/v2\/pages\/63\/revisions"}],"predecessor-version":[{"id":804,"href":"https:\/\/atemtherapie.wargalla.de\/index.php?rest_route=\/wp\/v2\/pages\/63\/revisions\/804"}],"wp:attachment":[{"href":"https:\/\/atemtherapie.wargalla.de\/index.php?rest_route=%2Fwp%2Fv2%2Fmedia&parent=63"}],"curies":[{"name":"wp","href":"https:\/\/api.w.org\/{rel}","templated":true}]}}

<div data-elementor-type="wp-page" data-elementor-id="63" class="elementor elementor-63">
						<section class="elementor-section elementor-top-section elementor-element elementor-element-2ccf7257 elementor-section-boxed elementor-section-height-default elementor-section-height-default wpr-particle-no wpr-jarallax-no wpr-parallax-no wpr-sticky-section-no wpr-equal-height-no" data-id="2ccf7257" data-element_type="section" data-e-type="section">
						<div class="elementor-container elementor-column-gap-default">
					<div class="elementor-column elementor-col-100 elementor-top-column elementor-element elementor-element-422e186e" data-id="422e186e" data-element_type="column" data-e-type="column">
			<div class="elementor-widget-wrap elementor-element-populated">
						<div class="elementor-element elementor-element-78bad1f8 elementor-widget elementor-widget-text-editor" data-id="78bad1f8" data-element_type="widget" data-e-type="widget" data-widget_type="text-editor.default">
				<div class="elementor-widget-container">
									<p></p>
<p style="margin-right: 0cm; margin-left: 0cm; font-size: 10pt; font-family: 'Times New Roman'; color: #000000; margin-top: 0cm; background-image: initial; background-position: initial; background-size: initial; background-repeat: initial; background-attachment: initial; background-origin: initial; background-clip: initial;"><span style="font-size: 12pt; font-family: Cambria;">Der Atem trägt uns ein Leben lang. Er ist selbstverständlicher Begleiter &#8211; Schritt für Schritt &#8211; Atemzug für Atemzug.<br /></span></p>
<p style="margin-top: 0cm; margin-right: 0cm; margin-left: 0cm; font-size: 10pt; font-family: 'Times New Roman'; color: #000000; background-image: initial; background-position: initial; background-size: initial; background-repeat: initial; background-attachment: initial; background-origin: initial; background-clip: initial;"><span style="font-size: 12pt; font-family: Cambria;">Die Grundlage meiner Tätigkeit als Atemtherapeutin ist die &#8222;funktionelle Atmungstherapie&#8220; nach Dr. med. Julius Parow. Aufgrund langjähriger Erfahrungen als Lungenfacharzt war es Dr. Parow ein Anliegen, die Aufklärung zur Entwicklung einer gesunden, leistungsfähigen Atmung zu fördern und hierfür Übungen zu entwickeln. Auf dieser Basis führte Margot Scheufele-Osenberg in ihrem Institut &#8222;Schule für Atemtraining und Sprechtechnik&#8220; zahlreiche Fort- und Weiterbildungen durch. An ihrem Institut lernte und assistierte ich über viele Jahre.<br /></span></p>
<p style="margin-top: 0cm; margin-right: 0cm; margin-left: 0cm; font-size: 10pt; font-family: 'Times New Roman'; color: #000000; background-image: initial; background-position: initial; background-size: initial; background-repeat: initial; background-attachment: initial; background-origin: initial; background-clip: initial;"><span style="font-size: 12pt; font-family: Cambria;">Um ein tieferes Verständnis für den Atemprozess zu entwickeln, wird in der funktionellen Atmungstherapie ein Schwerpunkt auf die Aufklärung der Atmung gelegt, beispielsweise: Wie atme ich richtig? Wie kann ich meine Atemkapazität verbessern? Welche Atemtechniken kann ich bei Atemnot einsetzen? Anhand zahlreicher Schaubilder wird über die Funktionen der Atmung aufgeklärt.<br /></span></p>
<p style="margin-top: 0cm; margin-right: 0cm; margin-left: 0cm; font-size: 10pt; font-family: 'Times New Roman'; color: #000000; background-image: initial; background-position: initial; background-size: initial; background-repeat: initial; background-attachment: initial; background-origin: initial; background-clip: initial;"><span style="font-size: 12pt; font-family: Cambria;">Besonders für Menschen mit immer wiederkehrender Atemnot aufgrund einer Lungenerkrankung habe ich ein umfangreiches Trainingsprogramm entwickelt. Seit über 20 Jahren gebe ich an der Lungenfachklinik Bethanien in Moers Atemtherapiekurse.</span></p>
<p style="margin-top: 0cm; margin-right: 0cm; margin-left: 0cm; font-size: 10pt; font-family: 'Times New Roman'; color: #000000; background-image: initial; background-position: initial; background-size: initial; background-repeat: initial; background-attachment: initial; background-origin: initial; background-clip: initial;"><span style="font-size: 12pt; font-family: Cambria;">Zugleich steht der Atemprozess in enger Wechselbeziehung zu unserem seelischen Empfinden. In einem achtsamen Wahrnehmen des Atems und seinem Verstehen lernen wir uns in unserem Körper kennen. Wir entwickeln ein tieferes Körperbewusstsein und sind so in der Lage schneller einzuschätzen, was in uns und in unserem Körper geschieht. Nehmen wir nur einen Moment unseren Atem wahr, den Atemrhythmus, die Atemtiefe, sind wir sofort bei uns selbst. So können wir auch unsere Gefühle und unsere Gedanken wahrnehmen und bewusst wieder ein Gleichgewicht herstellen und Harmonie und Frieden einkehren lassen. Das bringt Gesundheit im Körper, im Geist und in der Seele.</span></p>
<p></p>
<p></p>
<p></p>
<p></p>
<p></p>
<p></p>
<p></p>								</div>
				</div>
					</div>
		</div>
					</div>
		</section>
				</div>

<p>Der Atem trägt uns ein Leben lang. Er ist selbstverständlicher Begleiter &#8211; Schritt für Schritt &#8211; Atemzug für Atemzug. Die Grundlage meiner Tätigkeit als Atemtherapeutin ist die &#8222;funktionelle Atmungstherapie&#8220; nach Dr. med. Julius Parow. Aufgrund langjähriger Erfahrungen als Lungenfacharzt war es Dr. Parow ein Anliegen, die Aufklärung zur Entwicklung einer gesunden, leistungsfähigen Atmung zu fördern und hierfür Übungen zu entwickeln. Auf dieser Basis führte Margot Scheufele-Osenberg in ihrem Institut &#8222;Schule für Atemtraining und Sprechtechnik&#8220; zahlreiche Fort- und Weiterbildungen durch. An ihrem Institut lernte und assistierte ich über viele Jahre. Um ein tieferes Verständnis für den Atemprozess zu entwickeln, wird in der funktionellen Atmungstherapie ein Schwerpunkt auf die Aufklärung der Atmung gelegt, beispielsweise: Wie atme ich richtig? Wie kann ich meine Atemkapazität verbessern? Welche Atemtechniken kann ich bei Atemnot einsetzen? Anhand zahlreicher Schaubilder wird über die Funktionen der Atmung aufgeklärt. Besonders für Menschen mit immer wiederkehrender Atemnot aufgrund einer Lungenerkrankung habe ich ein umfangreiches Trainingsprogramm entwickelt. Seit über 20 Jahren gebe ich an der Lungenfachklinik Bethanien in Moers Atemtherapiekurse. Zugleich steht der Atemprozess in enger Wechselbeziehung zu unserem seelischen Empfinden. In einem achtsamen Wahrnehmen des Atems und seinem Verstehen lernen wir uns in unserem Körper kennen. Wir entwickeln ein tieferes Körperbewusstsein und sind so in der Lage schneller einzuschätzen, was in uns und in unserem Körper geschieht. Nehmen wir nur einen Moment unseren Atem wahr, den Atemrhythmus, die Atemtiefe, sind wir sofort bei uns selbst. So können wir auch unsere Gefühle und unsere Gedanken wahrnehmen und bewusst wieder ein Gleichgewicht herstellen und Harmonie und Frieden einkehren lassen. Das bringt Gesundheit im Körper, im Geist und in der Seele.</p>
