{"id":60,"date":"2022-02-20T10:10:35","date_gmt":"2022-02-20T10:10:35","guid":{"rendered":"http:\/\/atemtherapie.wargalla.de\/?page_id=60"},"modified":"2025-01-11T10:57:24","modified_gmt":"2025-01-11T10:57:24","slug":"atemtherapie","status":"publish","type":"page","link":"https:\/\/atemtherapie.wargalla.de\/?page_id=60","title":{"rendered":"Atemtherapie"},"content":{"rendered":"\t\t<div data-elementor-type=\"wp-page\" data-elementor-id=\"60\" class=\"elementor elementor-60\">\n\t\t\t\t\t\t<section class=\"elementor-section elementor-top-section elementor-element elementor-element-ce8eff6 elementor-section-boxed elementor-section-height-default elementor-section-height-default wpr-particle-no wpr-jarallax-no wpr-parallax-no wpr-sticky-section-no wpr-equal-height-no\" data-id=\"ce8eff6\" data-element_type=\"section\" data-e-type=\"section\">\n\t\t\t\t\t\t<div class=\"elementor-container elementor-column-gap-default\">\n\t\t\t\t\t<div class=\"elementor-column elementor-col-100 elementor-top-column elementor-element elementor-element-277f2d1\" data-id=\"277f2d1\" data-element_type=\"column\" data-e-type=\"column\">\n\t\t\t<div class=\"elementor-widget-wrap elementor-element-populated\">\n\t\t\t\t\t\t<div class=\"elementor-element elementor-element-1c3e8ce elementor-widget elementor-widget-heading\" data-id=\"1c3e8ce\" data-element_type=\"widget\" data-e-type=\"widget\" data-widget_type=\"heading.default\">\n\t\t\t\t<div class=\"elementor-widget-container\">\n\t\t\t\t\t<h2 class=\"elementor-heading-title elementor-size-default\"><a href=\"https:\/\/atemtherapie.wargalla.de\/?page_id=63\" target=\"_blank\">Grundlage der Atemtherapie<\/a><\/h2>\t\t\t\t<\/div>\n\t\t\t\t<\/div>\n\t\t\t\t<div class=\"elementor-element elementor-element-ee65d2f elementor-widget elementor-widget-text-editor\" data-id=\"ee65d2f\" data-element_type=\"widget\" data-e-type=\"widget\" data-widget_type=\"text-editor.default\">\n\t\t\t\t<div class=\"elementor-widget-container\">\n\t\t\t\t\t\t\t\t\t<p style=\"margin-right: 0cm; margin-left: 0cm; font-size: 10pt; font-family: &quot;Times New Roman&quot;; color: rgb(0, 0, 0); margin-top: 0cm; background-image: initial; background-position: initial; background-size: initial; background-repeat: initial; background-attachment: initial; background-origin: initial; background-clip: initial;\"><span style=\"font-size: 11.5pt; font-family: Cambria;\">Unsere Atmung ist tagt\u00e4glich ein selbstverst\u00e4ndlicher Teil von uns. Richten wir bewusst unsere Aufmerksamkeit auf den Atem wird unser Focus nach innen gerichtet und wir sind in Kontakt mit uns selbst. So kann uns die Atmung bei Schmerzen, bei Angst, Panik und Stress entscheidend helfen. Diese Achtsamkeit k\u00f6nnen wir mithilfe der Atemtherapie schulen und st\u00e4rken.<\/span><o:p><\/o:p><\/p><p style=\"margin-top: 0cm; margin-right: 0cm; margin-left: 0cm; font-size: 10pt; font-family: &quot;Times New Roman&quot;; color: rgb(0, 0, 0); background-image: initial; background-position: initial; background-size: initial; background-repeat: initial; background-attachment: initial; background-origin: initial; background-clip: initial;\"><span style=\"font-size: 11.5pt; font-family: Cambria;\">In meiner T\u00e4tigkeit als Atemtherapeutin ist es mir zugleich wichtig, das Verst\u00e4ndnis \u00fcber eine gute tiefe Atmung zu verbessern, hilfreiche Anleitungen zu geben bei Fragen, wie atmen wir richtig, wie k\u00f6nnen wir die Kapazit\u00e4t unsere Atmung verbessern, welche Atemtechniken kann ich bei Atemnot anwenden. Anleitungen f\u00fcr ein Training der Atemmuskulatur, die Vermittlung von Hustentechniken, die Aufkl\u00e4rung \u00fcber die Bedeutung der Ausatmung und der Nasenatmung sind weitere wichtige Themen.&nbsp;<o:p><\/o:p><\/span><\/p><p style=\"margin-top: 0cm; margin-right: 0cm; margin-left: 0cm; font-size: 10pt; font-family: &quot;Times New Roman&quot;; color: rgb(0, 0, 0); background-image: initial; background-position: initial; background-size: initial; background-repeat: initial; background-attachment: initial; background-origin: initial; background-clip: initial;\"><span style=\"font-size: 11.5pt; font-family: Cambria;\">Bewusst eingesetzte Atementspannungs\u00fcbungen st\u00e4rken K\u00f6rper, Geist und Seele.&nbsp;<\/span><span style=\"font-size: 11.5pt; font-family: Helvetica; color: rgb(122, 122, 122);\"><o:p><\/o:p><\/span><\/p>\t\t\t\t\t\t\t\t<\/div>\n\t\t\t\t<\/div>\n\t\t\t\t\t<\/div>\n\t\t<\/div>\n\t\t\t\t\t<\/div>\n\t\t<\/section>\n\t\t\t\t<section class=\"elementor-section elementor-top-section elementor-element elementor-element-0dbca62 elementor-section-boxed elementor-section-height-default elementor-section-height-default wpr-particle-no wpr-jarallax-no wpr-parallax-no wpr-sticky-section-no wpr-equal-height-no\" data-id=\"0dbca62\" data-element_type=\"section\" data-e-type=\"section\">\n\t\t\t\t\t\t<div class=\"elementor-container elementor-column-gap-default\">\n\t\t\t\t\t<div class=\"elementor-column elementor-col-100 elementor-top-column elementor-element elementor-element-e175e1d\" data-id=\"e175e1d\" data-element_type=\"column\" data-e-type=\"column\">\n\t\t\t<div class=\"elementor-widget-wrap elementor-element-populated\">\n\t\t\t\t\t\t<div class=\"elementor-element elementor-element-3bd9f9f elementor-widget elementor-widget-heading\" data-id=\"3bd9f9f\" data-element_type=\"widget\" data-e-type=\"widget\" data-widget_type=\"heading.default\">\n\t\t\t\t<div class=\"elementor-widget-container\">\n\t\t\t\t\t<h2 class=\"elementor-heading-title elementor-size-default\"><a href=\"https:\/\/atemtherapie.wargalla.de\/?page_id=65\" target=\"_blank\">Kurse und Termine<\/a><\/h2>\t\t\t\t<\/div>\n\t\t\t\t<\/div>\n\t\t\t\t<div class=\"elementor-element elementor-element-907b01d elementor-widget elementor-widget-text-editor\" data-id=\"907b01d\" data-element_type=\"widget\" data-e-type=\"widget\" data-widget_type=\"text-editor.default\">\n\t\t\t\t<div class=\"elementor-widget-container\">\n\t\t\t\t\t\t\t\t\t<p><span style=\"color: #000000; font-family: Cambria; font-size: 12pt; font-weight: var( --e-global-typography-text-font-weight );\">Es finden regelm\u00e4\u00dfige Kurse in Atemtherapie und Entspannung im Krankenhaus Bethanien in Moers statt. Kurszeiten und Termine bitte bei mir erfragen.<\/span><\/p><p style=\"margin: 0cm 0cm 0.0001pt; font-size: 12pt; font-family: Cambria; color: #000000;\">\u00a0<\/p>\t\t\t\t\t\t\t\t<\/div>\n\t\t\t\t<\/div>\n\t\t\t\t\t<\/div>\n\t\t<\/div>\n\t\t\t\t\t<\/div>\n\t\t<\/section>\n\t\t\t\t<section class=\"elementor-section elementor-top-section elementor-element elementor-element-f200635 elementor-section-boxed elementor-section-height-default elementor-section-height-default wpr-particle-no wpr-jarallax-no wpr-parallax-no wpr-sticky-section-no wpr-equal-height-no\" data-id=\"f200635\" data-element_type=\"section\" data-e-type=\"section\">\n\t\t\t\t\t\t<div class=\"elementor-container elementor-column-gap-default\">\n\t\t\t\t\t<div class=\"elementor-column elementor-col-100 elementor-top-column elementor-element elementor-element-0b504fb\" data-id=\"0b504fb\" data-element_type=\"column\" data-e-type=\"column\">\n\t\t\t<div class=\"elementor-widget-wrap elementor-element-populated\">\n\t\t\t\t\t\t<div class=\"elementor-element elementor-element-1b0ad54 elementor-widget elementor-widget-heading\" data-id=\"1b0ad54\" data-element_type=\"widget\" data-e-type=\"widget\" data-widget_type=\"heading.default\">\n\t\t\t\t<div class=\"elementor-widget-container\">\n\t\t\t\t\t<h2 class=\"elementor-heading-title elementor-size-default\"><a href=\"https:\/\/atemtherapie.wargalla.de\/?page_id=67\" target=\"_blank\">Einzeltherapie<\/a><\/h2>\t\t\t\t<\/div>\n\t\t\t\t<\/div>\n\t\t\t\t<div class=\"elementor-element elementor-element-28ddb12 elementor-widget elementor-widget-text-editor\" data-id=\"28ddb12\" data-element_type=\"widget\" data-e-type=\"widget\" data-widget_type=\"text-editor.default\">\n\t\t\t\t<div class=\"elementor-widget-container\">\n\t\t\t\t\t\t\t\t\t<p><span style=\"color: #000000; font-family: Cambria; font-size: 12pt; font-weight: var( --e-global-typography-text-font-weight );\">Als Heilpraktikerin mit dem Schwerpunkt der Atemtherapie biete ich Einzelbehandlungen f\u00fcr Menschen an, die eine Anleitung f\u00fcr eine Verbesserung ihrer Atmung w\u00fcnschen.\u00a0<\/span><\/p><p style=\"margin: 0cm 0cm 0.0001pt; font-size: 12pt; font-family: Cambria; color: #000000;\">\u00a0<\/p>\t\t\t\t\t\t\t\t<\/div>\n\t\t\t\t<\/div>\n\t\t\t\t\t<\/div>\n\t\t<\/div>\n\t\t\t\t\t<\/div>\n\t\t<\/section>\n\t\t\t\t<section class=\"elementor-section elementor-top-section elementor-element elementor-element-a3b8b1e elementor-section-boxed elementor-section-height-default elementor-section-height-default wpr-particle-no wpr-jarallax-no wpr-parallax-no wpr-sticky-section-no wpr-equal-height-no\" data-id=\"a3b8b1e\" data-element_type=\"section\" data-e-type=\"section\">\n\t\t\t\t\t\t<div class=\"elementor-container elementor-column-gap-default\">\n\t\t\t\t\t<div class=\"elementor-column elementor-col-100 elementor-top-column elementor-element elementor-element-55e566f\" data-id=\"55e566f\" data-element_type=\"column\" data-e-type=\"column\">\n\t\t\t<div class=\"elementor-widget-wrap elementor-element-populated\">\n\t\t\t\t\t\t<div class=\"elementor-element elementor-element-de631b9 elementor-widget elementor-widget-heading\" data-id=\"de631b9\" data-element_type=\"widget\" data-e-type=\"widget\" data-widget_type=\"heading.default\">\n\t\t\t\t<div class=\"elementor-widget-container\">\n\t\t\t\t\t<h2 class=\"elementor-heading-title elementor-size-default\"><a href=\"https:\/\/atemtherapie.wargalla.de\/?page_id=71\" target=\"_blank\">Vortr\u00e4ge<\/a><\/h2>\t\t\t\t<\/div>\n\t\t\t\t<\/div>\n\t\t\t\t<div class=\"elementor-element elementor-element-2561973 elementor-widget elementor-widget-text-editor\" data-id=\"2561973\" data-element_type=\"widget\" data-e-type=\"widget\" data-widget_type=\"text-editor.default\">\n\t\t\t\t<div class=\"elementor-widget-container\">\n\t\t\t\t\t\t\t\t\t<p class=\"MsoNormal\" style=\"margin: 0cm 0cm 0.0001pt; font-size: 12pt; font-family: Cambria; color: #000000;\"><span style=\"background-image: initial; background-position: initial; background-size: initial; background-repeat: initial; background-attachment: initial; background-origin: initial; background-clip: initial;\">Die Lungenfachklinik Bethanien in Moers f\u00fchrt in Zusammenarbeit mit der Deutschen PatientenLiga Atemwegserkrankungen e.V. Ortsgruppe Moers-Niederrhein j\u00e4hrlich ein Gesundheitsprogramm durch. In diesem Rahmen finden regelm\u00e4\u00dfige Vortr\u00e4ge f\u00fcr Patienten, Angeh\u00f6rige und sonstige interessierte Personen statt.\u00a0<\/span><\/p><p>\u00a0<\/p>\t\t\t\t\t\t\t\t<\/div>\n\t\t\t\t<\/div>\n\t\t\t\t\t<\/div>\n\t\t<\/div>\n\t\t\t\t\t<\/div>\n\t\t<\/section>\n\t\t\t\t<\/div>\n\t\t","protected":false},"excerpt":{"rendered":"<p>Grundlage der Atemtherapie Unsere Atmung ist tagt\u00e4glich ein selbstverst\u00e4ndlicher Teil von uns. Richten wir bewusst unsere Aufmerksamkeit auf den Atem wird unser Focus nach innen gerichtet und wir sind in Kontakt mit uns selbst. So kann uns die Atmung bei Schmerzen, bei Angst, Panik und Stress entscheidend helfen. Diese Achtsamkeit k\u00f6nnen wir mithilfe der Atemtherapie schulen und st\u00e4rken. In meiner T\u00e4tigkeit als Atemtherapeutin ist es mir zugleich wichtig, das Verst\u00e4ndnis \u00fcber eine gute tiefe Atmung zu verbessern, hilfreiche Anleitungen zu geben bei Fragen, wie atmen wir richtig, wie k\u00f6nnen wir die Kapazit\u00e4t unsere Atmung verbessern, welche Atemtechniken kann ich bei Atemnot anwenden. Anleitungen f\u00fcr ein Training der Atemmuskulatur, die Vermittlung von Hustentechniken, die Aufkl\u00e4rung \u00fcber die Bedeutung der Ausatmung und der Nasenatmung sind weitere wichtige Themen.&nbsp; Bewusst eingesetzte Atementspannungs\u00fcbungen st\u00e4rken K\u00f6rper, Geist und Seele.&nbsp; Kurse und Termine Es finden regelm\u00e4\u00dfige Kurse in Atemtherapie und Entspannung im Krankenhaus Bethanien in Moers statt. Kurszeiten und Termine bitte bei mir erfragen. \u00a0 Einzeltherapie Als Heilpraktikerin mit dem Schwerpunkt der Atemtherapie biete ich Einzelbehandlungen f\u00fcr Menschen an, die eine Anleitung f\u00fcr eine Verbesserung ihrer Atmung w\u00fcnschen.\u00a0 \u00a0 Vortr\u00e4ge Die Lungenfachklinik Bethanien in Moers f\u00fchrt in Zusammenarbeit mit der Deutschen PatientenLiga Atemwegserkrankungen e.V. Ortsgruppe Moers-Niederrhein j\u00e4hrlich ein Gesundheitsprogramm durch. In diesem Rahmen finden regelm\u00e4\u00dfige Vortr\u00e4ge f\u00fcr Patienten, Angeh\u00f6rige und sonstige interessierte Personen statt.\u00a0 \u00a0<\/p>\n","protected":false},"author":1,"featured_media":0,"parent":0,"menu_order":0,"comment_status":"closed","ping_status":"closed","template":"","meta":{"footnotes":""},"class_list":["post-60","page","type-page","status-publish","hentry"],"_links":{"self":[{"href":"https:\/\/atemtherapie.wargalla.de\/index.php?rest_route=\/wp\/v2\/pages\/60","targetHints":{"allow":["GET"]}}],"collection":[{"href":"https:\/\/atemtherapie.wargalla.de\/index.php?rest_route=\/wp\/v2\/pages"}],"about":[{"href":"https:\/\/atemtherapie.wargalla.de\/index.php?rest_route=\/wp\/v2\/types\/page"}],"author":[{"embeddable":true,"href":"https:\/\/atemtherapie.wargalla.de\/index.php?rest_route=\/wp\/v2\/users\/1"}],"replies":[{"embeddable":true,"href":"https:\/\/atemtherapie.wargalla.de\/index.php?rest_route=%2Fwp%2Fv2%2Fcomments&post=60"}],"version-history":[{"count":49,"href":"https:\/\/atemtherapie.wargalla.de\/index.php?rest_route=\/wp\/v2\/pages\/60\/revisions"}],"predecessor-version":[{"id":1407,"href":"https:\/\/atemtherapie.wargalla.de\/index.php?rest_route=\/wp\/v2\/pages\/60\/revisions\/1407"}],"wp:attachment":[{"href":"https:\/\/atemtherapie.wargalla.de\/index.php?rest_route=%2Fwp%2Fv2%2Fmedia&parent=60"}],"curies":[{"name":"wp","href":"https:\/\/api.w.org\/{rel}","templated":true}]}}

<div data-elementor-type="wp-page" data-elementor-id="60" class="elementor elementor-60">
						<section class="elementor-section elementor-top-section elementor-element elementor-element-ce8eff6 elementor-section-boxed elementor-section-height-default elementor-section-height-default wpr-particle-no wpr-jarallax-no wpr-parallax-no wpr-sticky-section-no wpr-equal-height-no" data-id="ce8eff6" data-element_type="section" data-e-type="section">
						<div class="elementor-container elementor-column-gap-default">
					<div class="elementor-column elementor-col-100 elementor-top-column elementor-element elementor-element-277f2d1" data-id="277f2d1" data-element_type="column" data-e-type="column">
			<div class="elementor-widget-wrap elementor-element-populated">
						<div class="elementor-element elementor-element-1c3e8ce elementor-widget elementor-widget-heading" data-id="1c3e8ce" data-element_type="widget" data-e-type="widget" data-widget_type="heading.default">
				<div class="elementor-widget-container">
					<h2 class="elementor-heading-title elementor-size-default"><a href="https://atemtherapie.wargalla.de/?page_id=63" target="_blank">Grundlage der Atemtherapie</a></h2>				</div>
				</div>
				<div class="elementor-element elementor-element-ee65d2f elementor-widget elementor-widget-text-editor" data-id="ee65d2f" data-element_type="widget" data-e-type="widget" data-widget_type="text-editor.default">
				<div class="elementor-widget-container">
									<p style="margin-right: 0cm; margin-left: 0cm; font-size: 10pt; font-family: &quot;Times New Roman&quot;; color: rgb(0, 0, 0); margin-top: 0cm; background-image: initial; background-position: initial; background-size: initial; background-repeat: initial; background-attachment: initial; background-origin: initial; background-clip: initial;"><span style="font-size: 11.5pt; font-family: Cambria;">Unsere Atmung ist tagtäglich ein selbstverständlicher Teil von uns. Richten wir bewusst unsere Aufmerksamkeit auf den Atem wird unser Focus nach innen gerichtet und wir sind in Kontakt mit uns selbst. So kann uns die Atmung bei Schmerzen, bei Angst, Panik und Stress entscheidend helfen. Diese Achtsamkeit können wir mithilfe der Atemtherapie schulen und stärken.</span><o:p></o:p></p><p style="margin-top: 0cm; margin-right: 0cm; margin-left: 0cm; font-size: 10pt; font-family: &quot;Times New Roman&quot;; color: rgb(0, 0, 0); background-image: initial; background-position: initial; background-size: initial; background-repeat: initial; background-attachment: initial; background-origin: initial; background-clip: initial;"><span style="font-size: 11.5pt; font-family: Cambria;">In meiner Tätigkeit als Atemtherapeutin ist es mir zugleich wichtig, das Verständnis über eine gute tiefe Atmung zu verbessern, hilfreiche Anleitungen zu geben bei Fragen, wie atmen wir richtig, wie können wir die Kapazität unsere Atmung verbessern, welche Atemtechniken kann ich bei Atemnot anwenden. Anleitungen für ein Training der Atemmuskulatur, die Vermittlung von Hustentechniken, die Aufklärung über die Bedeutung der Ausatmung und der Nasenatmung sind weitere wichtige Themen.&nbsp;<o:p></o:p></span></p><p style="margin-top: 0cm; margin-right: 0cm; margin-left: 0cm; font-size: 10pt; font-family: &quot;Times New Roman&quot;; color: rgb(0, 0, 0); background-image: initial; background-position: initial; background-size: initial; background-repeat: initial; background-attachment: initial; background-origin: initial; background-clip: initial;"><span style="font-size: 11.5pt; font-family: Cambria;">Bewusst eingesetzte Atementspannungsübungen stärken Körper, Geist und Seele.&nbsp;</span><span style="font-size: 11.5pt; font-family: Helvetica; color: rgb(122, 122, 122);"><o:p></o:p></span></p>								</div>
				</div>
					</div>
		</div>
					</div>
		</section>
				<section class="elementor-section elementor-top-section elementor-element elementor-element-0dbca62 elementor-section-boxed elementor-section-height-default elementor-section-height-default wpr-particle-no wpr-jarallax-no wpr-parallax-no wpr-sticky-section-no wpr-equal-height-no" data-id="0dbca62" data-element_type="section" data-e-type="section">
						<div class="elementor-container elementor-column-gap-default">
					<div class="elementor-column elementor-col-100 elementor-top-column elementor-element elementor-element-e175e1d" data-id="e175e1d" data-element_type="column" data-e-type="column">
			<div class="elementor-widget-wrap elementor-element-populated">
						<div class="elementor-element elementor-element-3bd9f9f elementor-widget elementor-widget-heading" data-id="3bd9f9f" data-element_type="widget" data-e-type="widget" data-widget_type="heading.default">
				<div class="elementor-widget-container">
					<h2 class="elementor-heading-title elementor-size-default"><a href="https://atemtherapie.wargalla.de/?page_id=65" target="_blank">Kurse und Termine</a></h2>				</div>
				</div>
				<div class="elementor-element elementor-element-907b01d elementor-widget elementor-widget-text-editor" data-id="907b01d" data-element_type="widget" data-e-type="widget" data-widget_type="text-editor.default">
				<div class="elementor-widget-container">
									<p><span style="color: #000000; font-family: Cambria; font-size: 12pt; font-weight: var( --e-global-typography-text-font-weight );">Es finden regelmäßige Kurse in Atemtherapie und Entspannung im Krankenhaus Bethanien in Moers statt. Kurszeiten und Termine bitte bei mir erfragen.</span></p><p style="margin: 0cm 0cm 0.0001pt; font-size: 12pt; font-family: Cambria; color: #000000;"> </p>								</div>
				</div>
					</div>
		</div>
					</div>
		</section>
				<section class="elementor-section elementor-top-section elementor-element elementor-element-f200635 elementor-section-boxed elementor-section-height-default elementor-section-height-default wpr-particle-no wpr-jarallax-no wpr-parallax-no wpr-sticky-section-no wpr-equal-height-no" data-id="f200635" data-element_type="section" data-e-type="section">
						<div class="elementor-container elementor-column-gap-default">
					<div class="elementor-column elementor-col-100 elementor-top-column elementor-element elementor-element-0b504fb" data-id="0b504fb" data-element_type="column" data-e-type="column">
			<div class="elementor-widget-wrap elementor-element-populated">
						<div class="elementor-element elementor-element-1b0ad54 elementor-widget elementor-widget-heading" data-id="1b0ad54" data-element_type="widget" data-e-type="widget" data-widget_type="heading.default">
				<div class="elementor-widget-container">
					<h2 class="elementor-heading-title elementor-size-default"><a href="https://atemtherapie.wargalla.de/?page_id=67" target="_blank">Einzeltherapie</a></h2>				</div>
				</div>
				<div class="elementor-element elementor-element-28ddb12 elementor-widget elementor-widget-text-editor" data-id="28ddb12" data-element_type="widget" data-e-type="widget" data-widget_type="text-editor.default">
				<div class="elementor-widget-container">
									<p><span style="color: #000000; font-family: Cambria; font-size: 12pt; font-weight: var( --e-global-typography-text-font-weight );">Als Heilpraktikerin mit dem Schwerpunkt der Atemtherapie biete ich Einzelbehandlungen für Menschen an, die eine Anleitung für eine Verbesserung ihrer Atmung wünschen. </span></p><p style="margin: 0cm 0cm 0.0001pt; font-size: 12pt; font-family: Cambria; color: #000000;"> </p>								</div>
				</div>
					</div>
		</div>
					</div>
		</section>
				<section class="elementor-section elementor-top-section elementor-element elementor-element-a3b8b1e elementor-section-boxed elementor-section-height-default elementor-section-height-default wpr-particle-no wpr-jarallax-no wpr-parallax-no wpr-sticky-section-no wpr-equal-height-no" data-id="a3b8b1e" data-element_type="section" data-e-type="section">
						<div class="elementor-container elementor-column-gap-default">
					<div class="elementor-column elementor-col-100 elementor-top-column elementor-element elementor-element-55e566f" data-id="55e566f" data-element_type="column" data-e-type="column">
			<div class="elementor-widget-wrap elementor-element-populated">
						<div class="elementor-element elementor-element-de631b9 elementor-widget elementor-widget-heading" data-id="de631b9" data-element_type="widget" data-e-type="widget" data-widget_type="heading.default">
				<div class="elementor-widget-container">
					<h2 class="elementor-heading-title elementor-size-default"><a href="https://atemtherapie.wargalla.de/?page_id=71" target="_blank">Vorträge</a></h2>				</div>
				</div>
				<div class="elementor-element elementor-element-2561973 elementor-widget elementor-widget-text-editor" data-id="2561973" data-element_type="widget" data-e-type="widget" data-widget_type="text-editor.default">
				<div class="elementor-widget-container">
									<p class="MsoNormal" style="margin: 0cm 0cm 0.0001pt; font-size: 12pt; font-family: Cambria; color: #000000;"><span style="background-image: initial; background-position: initial; background-size: initial; background-repeat: initial; background-attachment: initial; background-origin: initial; background-clip: initial;">Die Lungenfachklinik Bethanien in Moers führt in Zusammenarbeit mit der Deutschen PatientenLiga Atemwegserkrankungen e.V. Ortsgruppe Moers-Niederrhein jährlich ein Gesundheitsprogramm durch. In diesem Rahmen finden regelmäßige Vorträge für Patienten, Angehörige und sonstige interessierte Personen statt. </span></p><p> </p>								</div>
				</div>
					</div>
		</div>
					</div>
		</section>
				</div>

<p>Grundlage der Atemtherapie Unsere Atmung ist tagtäglich ein selbstverständlicher Teil von uns. Richten wir bewusst unsere Aufmerksamkeit auf den Atem wird unser Focus nach innen gerichtet und wir sind in Kontakt mit uns selbst. So kann uns die Atmung bei Schmerzen, bei Angst, Panik und Stress entscheidend helfen. Diese Achtsamkeit können wir mithilfe der Atemtherapie schulen und stärken. In meiner Tätigkeit als Atemtherapeutin ist es mir zugleich wichtig, das Verständnis über eine gute tiefe Atmung zu verbessern, hilfreiche Anleitungen zu geben bei Fragen, wie atmen wir richtig, wie können wir die Kapazität unsere Atmung verbessern, welche Atemtechniken kann ich bei Atemnot anwenden. Anleitungen für ein Training der Atemmuskulatur, die Vermittlung von Hustentechniken, die Aufklärung über die Bedeutung der Ausatmung und der Nasenatmung sind weitere wichtige Themen.&nbsp; Bewusst eingesetzte Atementspannungsübungen stärken Körper, Geist und Seele.&nbsp; Kurse und Termine Es finden regelmäßige Kurse in Atemtherapie und Entspannung im Krankenhaus Bethanien in Moers statt. Kurszeiten und Termine bitte bei mir erfragen.   Einzeltherapie Als Heilpraktikerin mit dem Schwerpunkt der Atemtherapie biete ich Einzelbehandlungen für Menschen an, die eine Anleitung für eine Verbesserung ihrer Atmung wünschen.    Vorträge Die Lungenfachklinik Bethanien in Moers führt in Zusammenarbeit mit der Deutschen PatientenLiga Atemwegserkrankungen e.V. Ortsgruppe Moers-Niederrhein jährlich ein Gesundheitsprogramm durch. In diesem Rahmen finden regelmäßige Vorträge für Patienten, Angehörige und sonstige interessierte Personen statt.   </p>
